{"id":664,"date":"2025-04-15T09:20:33","date_gmt":"2025-04-15T09:20:33","guid":{"rendered":"https:\/\/musing-jang.195-220-216-61.plesk.page\/?page_id=664"},"modified":"2025-07-21T13:31:35","modified_gmt":"2025-07-21T13:31:35","slug":"ressourcesthematiques","status":"publish","type":"page","link":"https:\/\/sipr.sorbonne-universite.fr\/index.php\/ressourcesthematiques\/","title":{"rendered":"Ressources des th\u00e9matiques"},"content":{"rendered":"\t\t<div data-elementor-type=\"wp-page\" data-elementor-id=\"664\" class=\"elementor elementor-664\" data-elementor-post-type=\"page\">\n\t\t\t\t<div class=\"elementor-element elementor-element-4549a0f e-flex e-con-boxed e-con e-parent\" data-id=\"4549a0f\" data-element_type=\"container\" data-e-type=\"container\">\n\t\t\t\t\t<div class=\"e-con-inner\">\n\t\t\t\t<div class=\"elementor-element elementor-element-85f1764 bdt-lg-col-3 bdt-logo-grid--box bdt-lg-col--tablet2 bdt-lg-col--mobile2 elementor-widget elementor-widget-bdt-logo-grid\" data-id=\"85f1764\" data-element_type=\"widget\" data-e-type=\"widget\" data-widget_type=\"bdt-logo-grid.default\">\n\t\t\t\t<div class=\"elementor-widget-container\">\n\t\t\t\t\t\t\t<div class=\"bdt-logo-grid-wrapper\">\n\t\t\t\t\t\t\t<a class=\"bdt-item bdt-logo-grid-link bdt-tippy-tooltip\" data-tippy-content=\"&lt;span class=&quot;bdt-title&quot;&gt;Enseignantes et enseignants&lt;\/span&gt;Ressources destin\u00e9es aux enseignantes et aux enseignants\" href=\"\/index.php\/enseignants#ressources\" data-tippy=\"\" data-tippy-placement=\"top\" data-tippy-animation=\"shift-toward\" data-tippy-arrow=\"false\">\n\t\t\t\t\t<figure class=\"bdt-logo-grid-figure\">\n\t\t\t\t\t\t<img decoding=\"async\" width=\"150\" height=\"150\" src=\"https:\/\/sipr.sorbonne-universite.fr\/wp-content\/uploads\/2025\/04\/ChatGPT-Image-15-avr.-2025-12_08_16-150x150.png\" class=\"bdt-logo-grid-img elementor-animation-\" alt=\"Enseignantes et enseignants : Ressources destin\u00e9es aux enseignantes et aux enseignants\" \/>\t\t\t\t\t<\/figure>\n\t\t\t\t<\/a>\n\t\t\t\t\t\t\t<a class=\"bdt-item bdt-logo-grid-link bdt-tippy-tooltip\" data-tippy-content=\"&lt;span class=&quot;bdt-title&quot;&gt;Etudiantes et \u00e9tudiants&lt;\/span&gt;Ressources destin\u00e9es aux \u00e9tudiantes et aux \u00e9tudiants\" href=\"\/index.php\/etudiants#ressources\" data-tippy=\"\" data-tippy-placement=\"top\" data-tippy-animation=\"shift-toward\" data-tippy-arrow=\"false\">\n\t\t\t\t\t<figure class=\"bdt-logo-grid-figure bdt-logo-grid-figure\">\n\t\t\t\t\t\t<img decoding=\"async\" width=\"150\" height=\"150\" src=\"https:\/\/sipr.sorbonne-universite.fr\/wp-content\/uploads\/2025\/04\/PermanencesETU224-150x150.jpg\" class=\"bdt-logo-grid-img elementor-animation-\" alt=\"Etudiantes et \u00e9tudiants : Ressources destin\u00e9es aux \u00e9tudiantes et aux \u00e9tudiants\" srcset=\"https:\/\/sipr.sorbonne-universite.fr\/wp-content\/uploads\/2025\/04\/PermanencesETU224-150x150.jpg 150w, https:\/\/sipr.sorbonne-universite.fr\/wp-content\/uploads\/2025\/04\/PermanencesETU224.jpg 224w\" sizes=\"(max-width: 150px) 100vw, 150px\" \/>\t\t\t\t\t<\/figure>\n\t\t\t\t<\/a>\n\t\t\t\t\t\t\t<a class=\"bdt-item bdt-logo-grid-link bdt-tippy-tooltip\" data-tippy-content=\"&lt;span class=&quot;bdt-title&quot;&gt;Approche par comp\u00e9tences&lt;\/span&gt;Ressources concernant l&#039;approche par comp\u00e9tences\" href=\"\/index.php\/apc#ressources\" data-tippy=\"\" data-tippy-placement=\"top\" data-tippy-animation=\"shift-toward\" data-tippy-arrow=\"false\">\n\t\t\t\t\t<figure class=\"bdt-logo-grid-figure bdt-logo-grid-figure bdt-logo-grid-figure\">\n\t\t\t\t\t\t<img decoding=\"async\" width=\"150\" height=\"150\" src=\"https:\/\/sipr.sorbonne-universite.fr\/wp-content\/uploads\/2025\/04\/apc_apc-150x150.png\" class=\"bdt-logo-grid-img elementor-animation-\" alt=\"Approche par comp\u00e9tences : Ressources concernant l&#039;approche par comp\u00e9tences\" \/>\t\t\t\t\t<\/figure>\n\t\t\t\t<\/a>\n\t\t\t\t\t\t\t<a class=\"bdt-item bdt-logo-grid-link bdt-tippy-tooltip\" data-tippy-content=\"&lt;span class=&quot;bdt-title&quot;&gt;Intelligence Artificielle&lt;\/span&gt;Ressources concernant l&#039;IA pour la p\u00e9dagogie\" href=\"\/index.php\/iagen#ressources\" data-tippy=\"\" data-tippy-placement=\"top\" data-tippy-animation=\"shift-toward\" data-tippy-arrow=\"false\">\n\t\t\t\t\t<figure class=\"bdt-logo-grid-figure bdt-logo-grid-figure bdt-logo-grid-figure bdt-logo-grid-figure\">\n\t\t\t\t\t\t<img loading=\"lazy\" decoding=\"async\" width=\"150\" height=\"150\" src=\"https:\/\/sipr.sorbonne-universite.fr\/wp-content\/uploads\/2025\/04\/DALL\u00b7E-2024-06-18-09.18.23-224-150x150.png\" class=\"bdt-logo-grid-img elementor-animation-\" alt=\"Intelligence Artificielle : Ressources concernant l&#039;IA pour la p\u00e9dagogie\" \/>\t\t\t\t\t<\/figure>\n\t\t\t\t<\/a>\n\t\t\t\t\t\t\t<a class=\"bdt-item bdt-logo-grid-link bdt-tippy-tooltip\" data-tippy-content=\"&lt;span class=&quot;bdt-title&quot;&gt;Sobri\u00e9t\u00e9 num\u00e9rique&lt;\/span&gt;Ressources concernant la sobri\u00e9t\u00e9 num\u00e9rique\" href=\"\/index.php\/sobriete#ressources\" data-tippy=\"\" data-tippy-placement=\"top\" data-tippy-animation=\"shift-toward\" data-tippy-arrow=\"false\">\n\t\t\t\t\t<figure class=\"bdt-logo-grid-figure bdt-logo-grid-figure bdt-logo-grid-figure bdt-logo-grid-figure bdt-logo-grid-figure\">\n\t\t\t\t\t\t<img loading=\"lazy\" decoding=\"async\" width=\"150\" height=\"150\" src=\"https:\/\/sipr.sorbonne-universite.fr\/wp-content\/uploads\/2025\/04\/SobrieteNum_224-150x150.jpg\" class=\"bdt-logo-grid-img elementor-animation-\" alt=\"Sobri\u00e9t\u00e9 num\u00e9rique : Ressources concernant la sobri\u00e9t\u00e9 num\u00e9rique\" srcset=\"https:\/\/sipr.sorbonne-universite.fr\/wp-content\/uploads\/2025\/04\/SobrieteNum_224-150x150.jpg 150w, https:\/\/sipr.sorbonne-universite.fr\/wp-content\/uploads\/2025\/04\/SobrieteNum_224.jpg 224w\" sizes=\"(max-width: 150px) 100vw, 150px\" \/>\t\t\t\t\t<\/figure>\n\t\t\t\t<\/a>\n\t\t\t\t\t<\/div>\n\t\t\t\t\t\t<\/div>\n\t\t\t\t<\/div>\n\t\t\t\t\t<\/div>\n\t\t\t\t<\/div>\n\t\t\t\t<\/div>\n\t\t","protected":false},"excerpt":{"rendered":"","protected":false},"author":2,"featured_media":0,"parent":0,"menu_order":2,"comment_status":"closed","ping_status":"closed","template":"elementor_theme","meta":{"_acf_changed":false,"footnotes":""},"class_list":["post-664","page","type-page","status-publish","hentry"],"acf":[],"_links":{"self":[{"href":"https:\/\/sipr.sorbonne-universite.fr\/index.php\/wp-json\/wp\/v2\/pages\/664","targetHints":{"allow":["GET"]}}],"collection":[{"href":"https:\/\/sipr.sorbonne-universite.fr\/index.php\/wp-json\/wp\/v2\/pages"}],"about":[{"href":"https:\/\/sipr.sorbonne-universite.fr\/index.php\/wp-json\/wp\/v2\/types\/page"}],"author":[{"embeddable":true,"href":"https:\/\/sipr.sorbonne-universite.fr\/index.php\/wp-json\/wp\/v2\/users\/2"}],"replies":[{"embeddable":true,"href":"https:\/\/sipr.sorbonne-universite.fr\/index.php\/wp-json\/wp\/v2\/comments?post=664"}],"version-history":[{"count":34,"href":"https:\/\/sipr.sorbonne-universite.fr\/index.php\/wp-json\/wp\/v2\/pages\/664\/revisions"}],"predecessor-version":[{"id":1720,"href":"https:\/\/sipr.sorbonne-universite.fr\/index.php\/wp-json\/wp\/v2\/pages\/664\/revisions\/1720"}],"wp:attachment":[{"href":"https:\/\/sipr.sorbonne-universite.fr\/index.php\/wp-json\/wp\/v2\/media?parent=664"}],"curies":[{"name":"wp","href":"https:\/\/api.w.org\/{rel}","templated":true}]}}