{"id":604,"date":"2025-04-15T08:34:33","date_gmt":"2025-04-15T08:34:33","guid":{"rendered":"https:\/\/musing-jang.195-220-216-61.plesk.page\/?page_id=604"},"modified":"2026-02-17T08:34:55","modified_gmt":"2026-02-17T08:34:55","slug":"apc","status":"publish","type":"page","link":"https:\/\/sipr.sorbonne-universite.fr\/index.php\/apc\/","title":{"rendered":"Approche par comp\u00e9tences"},"content":{"rendered":"\t\t<div data-elementor-type=\"wp-page\" data-elementor-id=\"604\" class=\"elementor elementor-604\" data-elementor-post-type=\"page\">\n\t\t\t\t<div class=\"elementor-element elementor-element-8e460c5 e-flex e-con-boxed e-con e-parent\" data-id=\"8e460c5\" data-element_type=\"container\" data-e-type=\"container\">\n\t\t\t\t\t<div class=\"e-con-inner\">\n\t\t<div class=\"elementor-element elementor-element-2386e29 e-con-full e-flex e-con e-child\" data-id=\"2386e29\" data-element_type=\"container\" data-e-type=\"container\">\n\t\t\t\t<div class=\"elementor-element elementor-element-27dbcf4 elementor-widget elementor-widget-text-editor\" data-id=\"27dbcf4\" data-element_type=\"widget\" data-e-type=\"widget\" data-widget_type=\"text-editor.default\">\n\t\t\t\t<div class=\"elementor-widget-container\">\n\t\t\t\t\t\t\t\t\t<p><strong>Responsable : <\/strong><a href=\"\/index.php\/lgourmand\">Laetitia GOURMAND<\/a><\/p><p><strong>Membres de la th\u00e9matique<\/strong> : <a href=\"\/index.php\/alaminette\">Adrien LAMINETTE<\/a>, <a href=\"\/index.php\/ktoumi\">Katia TOUMI<\/a><\/p>\t\t\t\t\t\t\t\t<\/div>\n\t\t\t\t<\/div>\n\t\t\t\t<\/div>\n\t\t<div class=\"elementor-element elementor-element-308f7b5 e-con-full e-flex e-con e-child\" data-id=\"308f7b5\" data-element_type=\"container\" data-e-type=\"container\">\n\t\t\t\t<div class=\"elementor-element elementor-element-78c0279 elementor-widget elementor-widget-bdt-event-grid\" data-id=\"78c0279\" data-element_type=\"widget\" data-e-type=\"widget\" data-widget_type=\"bdt-event-grid.default\">\n\t\t\t\t<div class=\"elementor-widget-container\">\n\t\t\t\t\t\t\t<div id=\"78c0279\" class=\"bdt-event-grid bdt-event-calendar skin-default\">\n\t\t\t<div class=\"bdt-grid bdt-grid-medium bdt-child-width-1-1 bdt-child-width-1-2@s bdt-child-width-1-2@l\" bdt-grid>\n\n\t\t\t\t\t<div class=\"bdt-event-grid-item\">\n\n\t\t\t<div class=\"bdt-event-item-inner\">\n\n\t\t\t\t\n\t\t\t\t<div class=\"bdt-event-content\">\n\t\t\t\t\t<div class=\"bdt-event-intro\">\n\n\t\t\t\t\t\t\t\t<span class=\"bdt-event-date\">\n\t\t\t<a href=\"javascript:void(0);\" title=\"Start Date:13 mai, 08:00  - End Date:13 mai, 08:00\">\n\t\t\t\t<span class=\"bdt-event-day\">\n\t\t\t\t\t13\t\t\t\t<\/span>\n\t\t\t\t<span>\n\t\t\t\t\tMai\t\t\t\t<\/span>\n\t\t\t<\/a>\n\t\t<\/span>\n\t\t\t\t\t\t\t<!-- Added New Header Wrapper -->\n\t\t\t\t\t\t<div class=\"bdt-event-header\">\n\t\t\t\t\t\t\t\n\t\t<h3 class=\"bdt-event-title-wrap\">\n\t\t\t<a href=\"https:\/\/sipr.sorbonne-universite.fr\/index.php\/event\/apc-theories-outils-et-pratique\/\" class=\"bdt-event-title\">\n\t\t\t\tAPC : Th\u00e9ories, outils et pratique\t\t\t<\/a>\n\t\t<\/h3>\n\t\t\t\t\t\t\t\t\t\t\t\t\t\t<\/div>\t\n\n\t\t\t\t\t<\/div>\n\n\t\t\t\t\t\n\t\t\t\t<\/div>\n\n\t\t\t\t\n\t\t\t<\/div>\n\n\t\t<\/div>\n\n\t\t\t<\/div>\n\t\t<\/div>\n\t\t\t\t\t<\/div>\n\t\t\t\t<\/div>\n\t\t\t\t<\/div>\n\t\t\t\t\t<\/div>\n\t\t\t\t<\/div>\n\t\t<div class=\"elementor-element elementor-element-5eb1c35 e-flex e-con-boxed e-con e-parent\" data-id=\"5eb1c35\" data-element_type=\"container\" data-e-type=\"container\">\n\t\t\t\t\t<div class=\"e-con-inner\">\n\t\t<div class=\"elementor-element elementor-element-cbecece e-con-full e-flex e-con e-child\" data-id=\"cbecece\" data-element_type=\"container\" data-e-type=\"container\">\n\t\t\t\t<\/div>\n\t\t\t\t\t<\/div>\n\t\t\t\t<\/div>\n\t\t<div class=\"elementor-element elementor-element-4c69e11 e-flex e-con-boxed e-con e-parent\" data-id=\"4c69e11\" data-element_type=\"container\" data-e-type=\"container\">\n\t\t\t\t\t<div class=\"e-con-inner\">\n\t\t\t\t<div class=\"elementor-element elementor-element-58e23c9 elementor-widget elementor-widget-image\" data-id=\"58e23c9\" data-element_type=\"widget\" data-e-type=\"widget\" data-widget_type=\"image.default\">\n\t\t\t\t<div class=\"elementor-widget-container\">\n\t\t\t\t\t\t\t\t\t\t\t\t\t\t\t<img fetchpriority=\"high\" decoding=\"async\" width=\"800\" height=\"297\" src=\"https:\/\/sipr.sorbonne-universite.fr\/wp-content\/uploads\/2025\/07\/APC_AdobeStock-1024x380.jpeg\" class=\"attachment-large size-large wp-image-1378\" alt=\"\" srcset=\"https:\/\/sipr.sorbonne-universite.fr\/wp-content\/uploads\/2025\/07\/APC_AdobeStock-1024x380.jpeg 1024w, https:\/\/sipr.sorbonne-universite.fr\/wp-content\/uploads\/2025\/07\/APC_AdobeStock-300x111.jpeg 300w, https:\/\/sipr.sorbonne-universite.fr\/wp-content\/uploads\/2025\/07\/APC_AdobeStock-768x285.jpeg 768w, https:\/\/sipr.sorbonne-universite.fr\/wp-content\/uploads\/2025\/07\/APC_AdobeStock-1536x571.jpeg 1536w, https:\/\/sipr.sorbonne-universite.fr\/wp-content\/uploads\/2025\/07\/APC_AdobeStock-2048x761.jpeg 2048w\" sizes=\"(max-width: 800px) 100vw, 800px\" \/>\t\t\t\t\t\t\t\t\t\t\t\t\t\t\t<\/div>\n\t\t\t\t<\/div>\n\t\t\t\t\t<\/div>\n\t\t\t\t<\/div>\n\t\t<div class=\"elementor-element elementor-element-2086d8c e-flex e-con-boxed e-con e-parent\" data-id=\"2086d8c\" data-element_type=\"container\" data-e-type=\"container\">\n\t\t\t\t\t<div class=\"e-con-inner\">\n\t\t\t\t<div class=\"elementor-element elementor-element-0b4dafe elementor-widget elementor-widget-heading\" data-id=\"0b4dafe\" data-element_type=\"widget\" data-e-type=\"widget\" data-widget_type=\"heading.default\">\n\t\t\t\t<div class=\"elementor-widget-container\">\n\t\t\t\t\t<h2 class=\"elementor-heading-title elementor-size-default\">Description<\/h2>\t\t\t\t<\/div>\n\t\t\t\t<\/div>\n\t\t\t\t<div class=\"elementor-element elementor-element-d55a4b5 elementor-widget elementor-widget-text-editor\" data-id=\"d55a4b5\" data-element_type=\"widget\" data-e-type=\"widget\" data-widget_type=\"text-editor.default\">\n\t\t\t\t<div class=\"elementor-widget-container\">\n\t\t\t\t\t\t\t\t\t<p><strong>Pourquoi l\u2019APC\u202f?<\/strong><\/p><p>L\u2019Approche par Comp\u00e9tences, inscrite dans les grands textes europ\u00e9ens (Processus de Bologne\u202f\u2014\u202f1999, Strat\u00e9gie de Lisbonne\u202f\u2014\u202f2000, Processus de Copenhague\u202f\u2014\u202f2002) et dans la l\u00e9gislation fran\u00e7aise (arr\u00eat\u00e9s Licences\u202f2014\u20112019), place le d\u00e9veloppement de comp\u00e9tences r\u00e9elles au c\u0153ur du parcours \u00e9tudiant. Elle s\u2019appuie sur une conception socio\u2011constructiviste o\u00f9 l\u2019apprenant mobilise des ressources internes et externes pour r\u00e9soudre des situations authentiques, dans une logique d\u2019alignement p\u00e9dagogique.<\/p><p>\u00a0<\/p><p>\u00ab\u202fUne comp\u00e9tence est un <strong>savoir agir complexe<\/strong> reposant sur la <strong>mobilisation et la combinaison efficaces<\/strong> d\u2019une vari\u00e9t\u00e9 de <strong>ressources internes et externes<\/strong> \u00e0 l\u2019int\u00e9rieur d\u2019une <strong>famille de situations<\/strong>\u202f\u00bb (Tardif, 2006).<\/p><p>\u00a0<\/p><p><strong>Contexte de l\u2019APC \u00e0 Sorbonne Universit\u00e9<\/strong><\/p><p><strong>L\u2019approche par comp\u00e9tences<\/strong> (APC) \u00e0 Sorbonne Universit\u00e9 ne se r\u00e9duit pas \u00e0 une approche m\u00e9tier, comme c\u2019est souvent le cas avec les fiches RNCP (R\u00e9pertoire National des Certifications Professionnelles). Elle repose sur trois grandes cat\u00e9gories de comp\u00e9tences : les <strong>comp\u00e9tences universitaires,<\/strong> qui renvoient aux savoirs et m\u00e9thodes fondamentaux transmis par l\u2019universit\u00e9 ; les <strong>comp\u00e9tences disciplinaires<\/strong> propres \u00e0 chaque champ d\u2019\u00e9tude ; et les <strong>comp\u00e9tences en lien avec les perspectives d\u2019insertion professionnelle<\/strong>.<\/p><p>\u00a0<\/p><p><strong>Notre cadre de r\u00e9f\u00e9rence<\/strong><\/p><p>Notre approche s\u2019ancre dans les travaux de Jacques Tardif et de Marianne Poumay. Le cadre propos\u00e9 s\u2019inspire :<\/p><ul><li>de la d\u00e9finition de la comp\u00e9tence comme savoir-agir complexe, ancr\u00e9e dans des situations professionnelles authentiques (Tardif)<\/li><li>d\u2019une m\u00e9thodologie outill\u00e9e et progressive de mise en \u0153uvre de l\u2019APC, articulant r\u00e9f\u00e9rentiels, situations d\u2019apprentissage et \u00e9valuation crit\u00e9ri\u00e9e, telle que propos\u00e9e par Marianne Poumay<\/li><li>d\u2019une conception de l\u2019enseignement comme accompagnement du d\u00e9veloppement de l\u2019autonomie et de la r\u00e9flexivit\u00e9 de l\u2019\u00e9tudiant.<\/li><\/ul>\t\t\t\t\t\t\t\t<\/div>\n\t\t\t\t<\/div>\n\t\t\t\t<div class=\"elementor-element elementor-element-e1a1663 elementor-widget elementor-widget-heading\" data-id=\"e1a1663\" data-element_type=\"widget\" data-e-type=\"widget\" data-widget_type=\"heading.default\">\n\t\t\t\t<div class=\"elementor-widget-container\">\n\t\t\t\t\t<h2 class=\"elementor-heading-title elementor-size-default\">Projets en cours<\/h2>\t\t\t\t<\/div>\n\t\t\t\t<\/div>\n\t\t\t\t<div class=\"elementor-element elementor-element-e40460d elementor-widget elementor-widget-text-editor\" data-id=\"e40460d\" data-element_type=\"widget\" data-e-type=\"widget\" data-widget_type=\"text-editor.default\">\n\t\t\t\t<div class=\"elementor-widget-container\">\n\t\t\t\t\t\t\t\t\t<ul><li>Accompagnement personnalis\u00e9 des \u00e9quipes enseignantes\u00a0: Nous proposons un diagnostic (entretien + analyse des documents p\u00e9dagogiques existants) suivi d\u2019un accompagnement \u00ab\u202f\u00e0 la carte\u202f\u00bb\u202f: formulation des comp\u00e9tences, aide \u00e0 la conception et relecture du r\u00e9f\u00e9rentiel, aide \u00e0 la conception d\u2019outils d\u2019\u00e9valuation et facilitation de la coordination entre disciplines.<\/li><\/ul>\t\t\t\t\t\t\t\t<\/div>\n\t\t\t\t<\/div>\n\t\t\t\t<div class=\"elementor-element elementor-element-69a7231 elementor-widget elementor-widget-heading\" data-id=\"69a7231\" data-element_type=\"widget\" data-e-type=\"widget\" data-widget_type=\"heading.default\">\n\t\t\t\t<div class=\"elementor-widget-container\">\n\t\t\t\t\t<h2 class=\"elementor-heading-title elementor-size-default\">Projets r\u00e9alis\u00e9s<\/h2>\t\t\t\t<\/div>\n\t\t\t\t<\/div>\n\t\t\t\t<div class=\"elementor-element elementor-element-16d13f0 elementor-widget elementor-widget-text-editor\" data-id=\"16d13f0\" data-element_type=\"widget\" data-e-type=\"widget\" data-widget_type=\"text-editor.default\">\n\t\t\t\t<div class=\"elementor-widget-container\">\n\t\t\t\t\t\t\t\t\t<ul><li>Parcours de formation Approche par comp\u00e9tence\u00a0: Th\u00e9orie, outils et pratiques\u00a0\u00e0 destination des enseignants des 3 facult\u00e9s de Sorbonne Universit\u00e9\u00a0:<\/li><\/ul><p>Cette formation vise \u00e0 transmettre aux enseignantes et enseignants une compr\u00e9hension approfondie de l\u2019Approche par Comp\u00e9tences (APC) ainsi que des outils n\u00e9cessaires \u00e0 sa mise en \u0153uvre et \u00e0 l\u2019\u00e9valuation des comp\u00e9tences.<\/p><ul><li>S\u00e9miweb du SIPR\u00a0:<ul><li>La p\u00e9dagogie active pour motiver mes \u00e9tudiants &#8211; Christelle Lison, <a href=\"https:\/\/www.canal-u.tv\/chaines\/faculte-des-lettres-de-sorbonne-universite\/semiweb-la-pedagogie-active-pour-motiver-mes\">https:\/\/www.canal-u.tv\/chaines\/faculte-des-lettres-de-sorbonne-universite\/semiweb-la-pedagogie-active-pour-motiver-mes<\/a><\/li><li>L\u2019approche par comp\u00e9tences : repenser la formation et l\u2019\u00e9valuation &#8211; Jacques Tardif, <a href=\"https:\/\/www.canal-u.tv\/chaines\/faculte-des-lettres-de-sorbonne-universite\/semiweb-l-approche-par-competences-repenser-la\">https:\/\/www.canal-u.tv\/chaines\/faculte-des-lettres-de-sorbonne-universite\/semiweb-l-approche-par-competences-repenser-la<\/a><\/li><\/ul><\/li><\/ul>\t\t\t\t\t\t\t\t<\/div>\n\t\t\t\t<\/div>\n\t\t\t\t\t<\/div>\n\t\t\t\t<\/div>\n\t\t<div class=\"elementor-element elementor-element-e94183f e-flex e-con-boxed e-con e-parent\" data-id=\"e94183f\" data-element_type=\"container\" data-e-type=\"container\">\n\t\t\t\t\t<div class=\"e-con-inner\">\n\t\t\t\t<div class=\"elementor-element elementor-element-7d3b2ec elementor-widget elementor-widget-heading\" data-id=\"7d3b2ec\" data-element_type=\"widget\" data-e-type=\"widget\" data-widget_type=\"heading.default\">\n\t\t\t\t<div class=\"elementor-widget-container\">\n\t\t\t\t\t<h2 class=\"elementor-heading-title elementor-size-default\"><div id=\"ressources\">Ressources<\/div><\/h2>\t\t\t\t<\/div>\n\t\t\t\t<\/div>\n\t\t\t\t<div class=\"elementor-element elementor-element-1e06bee elementor-widget elementor-widget-text-editor\" data-id=\"1e06bee\" data-element_type=\"widget\" data-e-type=\"widget\" data-widget_type=\"text-editor.default\">\n\t\t\t\t<div class=\"elementor-widget-container\">\n\t\t\t\t\t\t\t\t\t<p><strong>Bibliographie\u00a0:<\/strong><\/p><ul><li>Tardif, J. (2006). L\u2019\u00e9valuation des comp\u00e9tences. Documenter le parcours de d\u00e9veloppement. Montr\u00e9al, Canada : Cheneli\u00e8re \u00c9ducation<\/li><li>Poumay, M. &amp; Georges, F. (2022). Comment mettre en \u0153uvre une approche par comp\u00e9tences dans le sup\u00e9rieur ? Pr\u00e9face de Jacques Tardif. 1\u02b3\u1d49 \u00e9d., Louvain\u2011la\u2011Neuve : De Boeck Sup\u00e9rieur, 240\u202fp. ISBN\u202f978\u20112\u20118073\u20113323\u2011<\/li><\/ul><p><strong>Sitographie<\/strong>\u00a0:<\/p><p>Louvain Learning Lab. (2018). Cahier du LLL n\u00b04 \u2013 \u00c9valuer les comp\u00e9tences des \u00e9tudiant\u00b7e\u00b7s avec un(e) portfolio. Louvain\u2011la\u2011Neuve\u202f: Presses universitaires de Louvain. D\u00e9p\u00f4t l\u00e9gal\u202f: D\/2019\/9964\/22. ISBN PDF\u202f978\u20112\u201187558\u2011811\u20111. Disponible en ligne via UCLouvain OER https:\/\/oer.uclouvain.be\/jspui\/bitstream\/20.500.12279\/411.2\/8\/98965-CahiersduLLL-4-2018-C1-C2-INT-C3-C4-WEB.pdf<\/p>\t\t\t\t\t\t\t\t<\/div>\n\t\t\t\t<\/div>\n\t\t\t\t\t<\/div>\n\t\t\t\t<\/div>\n\t\t\t\t<\/div>\n\t\t","protected":false},"excerpt":{"rendered":"<p>Responsable : Laetitia GOURMAND Membres de la th\u00e9matique : Adrien LAMINETTE, Katia TOUMI 13 Mai APC : Th\u00e9ories, outils et pratique Description Pourquoi l\u2019APC\u202f? L\u2019Approche par Comp\u00e9tences, inscrite dans les [&hellip;]<\/p>\n","protected":false},"author":2,"featured_media":0,"parent":0,"menu_order":0,"comment_status":"closed","ping_status":"closed","template":"","meta":{"_acf_changed":false,"footnotes":""},"class_list":["post-604","page","type-page","status-publish","hentry","cat_apc","cat_formation"],"acf":[],"_links":{"self":[{"href":"https:\/\/sipr.sorbonne-universite.fr\/index.php\/wp-json\/wp\/v2\/pages\/604","targetHints":{"allow":["GET"]}}],"collection":[{"href":"https:\/\/sipr.sorbonne-universite.fr\/index.php\/wp-json\/wp\/v2\/pages"}],"about":[{"href":"https:\/\/sipr.sorbonne-universite.fr\/index.php\/wp-json\/wp\/v2\/types\/page"}],"author":[{"embeddable":true,"href":"https:\/\/sipr.sorbonne-universite.fr\/index.php\/wp-json\/wp\/v2\/users\/2"}],"replies":[{"embeddable":true,"href":"https:\/\/sipr.sorbonne-universite.fr\/index.php\/wp-json\/wp\/v2\/comments?post=604"}],"version-history":[{"count":43,"href":"https:\/\/sipr.sorbonne-universite.fr\/index.php\/wp-json\/wp\/v2\/pages\/604\/revisions"}],"predecessor-version":[{"id":1982,"href":"https:\/\/sipr.sorbonne-universite.fr\/index.php\/wp-json\/wp\/v2\/pages\/604\/revisions\/1982"}],"wp:attachment":[{"href":"https:\/\/sipr.sorbonne-universite.fr\/index.php\/wp-json\/wp\/v2\/media?parent=604"}],"curies":[{"name":"wp","href":"https:\/\/api.w.org\/{rel}","templated":true}]}}